 {"id":112,"date":"2023-10-16T16:57:36","date_gmt":"2023-10-16T19:57:36","guid":{"rendered":"https:\/\/onetact.com.br\/?page_id=112"},"modified":"2023-11-15T18:48:48","modified_gmt":"2023-11-15T21:48:48","slug":"inicio","status":"publish","type":"page","link":"https:\/\/onetact.com.br\/","title":{"rendered":"In\u00edcio"},"content":{"rendered":"<style>\/*! elementor - v3.16.0 - 09-10-2023 *\/\n.elementor-heading-title{padding:0;margin:0;line-height:1}.elementor-widget-heading .elementor-heading-title[class*=elementor-size-]>a{color:inherit;font-size:inherit;line-height:inherit}.elementor-widget-heading .elementor-heading-title.elementor-size-small{font-size:15px}.elementor-widget-heading .elementor-heading-title.elementor-size-medium{font-size:19px}.elementor-widget-heading .elementor-heading-title.elementor-size-large{font-size:29px}.elementor-widget-heading .elementor-heading-title.elementor-size-xl{font-size:39px}.elementor-widget-heading .elementor-heading-title.elementor-size-xxl{font-size:59px}<\/style>\n<h1>One Tact<\/h1>\n<p>\t\t\tAvalia\u00e7\u00e3o f\u00edsica e sa\u00fade<br \/>\n\t\t\t<a href=\"#\"><br \/>\n\t\t\t\t\t\tDiscover more<br \/>\n\t\t\t\t\t<\/a><\/p>\n<h4>Marque uma consulta gratuita<br \/>\n<\/h4>\n<link rel=\"stylesheet\" href=\"https:\/\/onetact.com.br\/wp-content\/plugins\/elementor\/assets\/css\/widget-icon-box.min.css\">\n\t\t\t\t\t\tProfissionais capacitados\t\t\t\t\t<\/p>\n<p>\n\t\t\t\t\t\tTrouxemos o melhor, <br \/>para melhor atender voc\u00ea.\t\t\t\t\t<\/p>\n<style>\/*! elementor - v3.16.0 - 09-10-2023 *\/\n.elementor-widget-image-carousel .swiper,.elementor-widget-image-carousel .swiper-container{position:static}.elementor-widget-image-carousel .swiper-container .swiper-slide figure,.elementor-widget-image-carousel .swiper .swiper-slide figure{line-height:inherit}.elementor-widget-image-carousel .swiper-slide{text-align:center}.elementor-image-carousel-wrapper:not(.swiper-container-initialized):not(.swiper-initialized) .swiper-slide{max-width:calc(100% \/ var(--e-image-carousel-slides-to-show, 3))}<\/style>\n<figure><img decoding=\"async\" src=\"http:\/\/onetact.com.br\/wp-content\/uploads\/2023\/10\/2-3-300x300.png\" alt=\"2\" \/><\/figure>\n<figure><img decoding=\"async\" src=\"http:\/\/onetact.com.br\/wp-content\/uploads\/2023\/10\/Logo-Polyana-300x300.png\" alt=\"Logo Polyana\" \/><\/figure>\n<h6><b>Nossas avalia\u00e7\u00f5es<\/b><\/h6>\n<h2>Aqui voc\u00ea encontra tecnologia e qualidade no atendimento e no diagn\u00f3stico da sua condi\u00e7\u00e3o de sa\u00fade.<\/h2>\n<link rel=\"stylesheet\" href=\"https:\/\/onetact.com.br\/wp-content\/plugins\/elementor-pro\/assets\/css\/widget-flip-box.min.css\">\n\t\t\t\t\t\t\t\t<img decoding=\"async\" width=\"1080\" height=\"1080\" src=\"http:\/\/onetact.com.br\/wp-content\/uploads\/2023\/10\/1-2.png\" alt=\"\" loading=\"lazy\" srcset=\"https:\/\/onetact.com.br\/wp-content\/uploads\/2023\/10\/1-2.png 1080w, https:\/\/onetact.com.br\/wp-content\/uploads\/2023\/10\/1-2-300x300.png 300w, https:\/\/onetact.com.br\/wp-content\/uploads\/2023\/10\/1-2-1024x1024.png 1024w, https:\/\/onetact.com.br\/wp-content\/uploads\/2023\/10\/1-2-150x150.png 150w, https:\/\/onetact.com.br\/wp-content\/uploads\/2023\/10\/1-2-768x768.png 768w\" sizes=\"(max-width: 1080px) 100vw, 1080px\" \/>\t\t\t\t\t\t\t<\/p>\n<h3>\n\t\t\t\t\t\t\t\tDinamometria isom\u00e9trica\t\t\t\t\t\t\t<\/h3>\n<p>\t\t\t\t\t\t\t\tQuantifica\u00e7\u00e3o de for\u00e7a muscular com dinam\u00f4metro isom\u00e9trico digital.\t\t\t\t\t\t\t<\/p>\n<h3>\n\t\t\t\t\t\t\tSOBRE\t\t\t\t\t\t<\/h3>\n<p>\t\t\t\t\t\t\tExame que utiliza um dispositivo port\u00e1til para medir a for\u00e7a muscular isom\u00e9trica. \u00c9 extremamente \u00fatil para avaliar a fun\u00e7\u00e3o muscular e identificar fraquezas de diferentes grupos musculares, com valores exatos, acompanhando sua evolu\u00e7\u00e3o no ganho de for\u00e7a.<br \/>\n\t\t\t\t\t\t\t\t\t\t\t<a href=\"#\"><br \/>\n\t\t\t\t\t\t\tLearn more\t\t\t\t\t\t<\/a><br \/>\n\t\t\t\t\t\t\t\t<img decoding=\"async\" width=\"1080\" height=\"1080\" src=\"http:\/\/onetact.com.br\/wp-content\/uploads\/2023\/10\/2-2.png\" alt=\"\" loading=\"lazy\" srcset=\"https:\/\/onetact.com.br\/wp-content\/uploads\/2023\/10\/2-2.png 1080w, https:\/\/onetact.com.br\/wp-content\/uploads\/2023\/10\/2-2-300x300.png 300w, https:\/\/onetact.com.br\/wp-content\/uploads\/2023\/10\/2-2-1024x1024.png 1024w, https:\/\/onetact.com.br\/wp-content\/uploads\/2023\/10\/2-2-150x150.png 150w, https:\/\/onetact.com.br\/wp-content\/uploads\/2023\/10\/2-2-768x768.png 768w\" sizes=\"(max-width: 1080px) 100vw, 1080px\" \/>\t\t\t\t\t\t\t<\/p>\n<h3>\n\t\t\t\t\t\t\t\tAlgometria\t\t\t\t\t\t\t<\/h3>\n<p>\t\t\t\t\t\t\t\tQuantifica\u00e7\u00e3o da dor em pontos \u00e1lgicos.\t\t\t\t\t\t\t<\/p>\n<h3>\n\t\t\t\t\t\t\tSOBRE\t\t\t\t\t\t<\/h3>\n<p>\t\t\t\t\t\t\tT\u00e9cnica que busca quantificar a percep\u00e7\u00e3o de dor em pontos espec\u00edficos, atrav\u00e9s de est\u00edmulos de press\u00e3o. \u00c9 usado com frequ\u00eancia para monitorar dores cr\u00f4nicas e pontos \u00e1lgicos em tratamento para quantificar sua melhora.<br \/>\n\t\t\t\t\t\t\t\t\t\t\t<a href=\"#\"><br \/>\n\t\t\t\t\t\t\tLearn more\t\t\t\t\t\t<\/a><br \/>\n\t\t\t\t\t\t\t\t<img decoding=\"async\" width=\"1080\" height=\"1080\" src=\"http:\/\/onetact.com.br\/wp-content\/uploads\/2023\/10\/4-2.png\" alt=\"\" loading=\"lazy\" srcset=\"https:\/\/onetact.com.br\/wp-content\/uploads\/2023\/10\/4-2.png 1080w, https:\/\/onetact.com.br\/wp-content\/uploads\/2023\/10\/4-2-300x300.png 300w, https:\/\/onetact.com.br\/wp-content\/uploads\/2023\/10\/4-2-1024x1024.png 1024w, https:\/\/onetact.com.br\/wp-content\/uploads\/2023\/10\/4-2-150x150.png 150w, https:\/\/onetact.com.br\/wp-content\/uploads\/2023\/10\/4-2-768x768.png 768w\" sizes=\"(max-width: 1080px) 100vw, 1080px\" \/>\t\t\t\t\t\t\t<\/p>\n<h3>\n\t\t\t\t\t\t\t\tBaropodometria\t\t\t\t\t\t\t<\/h3>\n<p>\t\t\t\t\t\t\t\tExame da pisada\t\t\t\t\t\t\t<\/p>\n<h3>\n\t\t\t\t\t\t\tSOBRE\t\t\t\t\t\t<\/h3>\n<p>\t\t\t\t\t\t\tTamb\u00e9m conhecida como teste da pisada, a baropodometria \u00e9 um recurso que permite uma an\u00e1lise de poss\u00edveis problemas nos p\u00e9s, tornozelos e joelhos e com isso poder orientar uma forma de evitar les\u00f5es nessas articula\u00e7\u00f5es, bem como nos quadris.<br \/>\n\t\t\t\t\t\t\t\t\t\t\t<a href=\"#\"><br \/>\n\t\t\t\t\t\t\tLearn more\t\t\t\t\t\t<\/a><br \/>\n\t\t\t\t\t\t\t\t<img decoding=\"async\" width=\"128\" height=\"128\" src=\"http:\/\/onetact.com.br\/wp-content\/uploads\/2023\/10\/SCOLIOSIS-1.png\" alt=\"\" loading=\"lazy\" \/>\t\t\t\t\t\t\t<\/p>\n<h3>\n\t\t\t\t\t\t\t\tAvalia\u00e7\u00e3o postural\t\t\t\t\t\t\t<\/h3>\n<p>\t\t\t\t\t\t\t\tT\u00e9cnica de avalia\u00e7\u00e3o postural computadorizada\t\t\t\t\t\t\t<\/p>\n<h3>\n\t\t\t\t\t\t\tSOBRE\t\t\t\t\t\t<\/h3>\n<p>\t\t\t\t\t\t\tAn\u00e1lise de angula\u00e7\u00f5es das estruturas corporais de forma computadorizada por meio de biofotogrametria, a partir de valores de normalidade. Com emiss\u00e3o de laudo especializado.<br \/>\n\t\t\t\t\t\t\t\t\t\t\t<a href=\"#\"><br \/>\n\t\t\t\t\t\t\tLearn more\t\t\t\t\t\t<\/a><br \/>\n\t\t\t\t\t\t\t\t<img decoding=\"async\" width=\"375\" height=\"192\" src=\"http:\/\/onetact.com.br\/wp-content\/uploads\/2023\/10\/Captura-de-tela-2023-10-28-105916.png\" alt=\"\" loading=\"lazy\" srcset=\"https:\/\/onetact.com.br\/wp-content\/uploads\/2023\/10\/Captura-de-tela-2023-10-28-105916.png 375w, https:\/\/onetact.com.br\/wp-content\/uploads\/2023\/10\/Captura-de-tela-2023-10-28-105916-300x154.png 300w\" sizes=\"(max-width: 375px) 100vw, 375px\" \/>\t\t\t\t\t\t\t<\/p>\n<h3>\n\t\t\t\t\t\t\t\tFunctional Movement Screen &#8211; FMS \t\t\t\t\t\t\t<\/h3>\n<p>\t\t\t\t\t\t\t\tAvalia\u00e7\u00e3o de desempenho de movimento motor\t\t\t\t\t\t\t<\/p>\n<h3>\n\t\t\t\t\t\t\tSOBRE\t\t\t\t\t\t<\/h3>\n<p>\t\t\t\t\t\t\tO sistema FMS \u00e9 um conjunto de testes funcionais de triagem do movimento, que nos ajuda a determinar as principais defici\u00eancias, limita\u00e7\u00f5es ou assimetrias do movimento.<br \/>\nOs padr\u00f5es usados proporcionam an\u00e1lise do desempenho b\u00e1sico de mobilidade e estabilidade.<br \/>\n\t\t\t\t\t\t\t\t\t\t\t<a href=\"#\"><br \/>\n\t\t\t\t\t\t\tLearn more\t\t\t\t\t\t<\/a><br \/>\n\t\t\t\t\t\t\t\t<img decoding=\"async\" width=\"128\" height=\"128\" src=\"http:\/\/onetact.com.br\/wp-content\/uploads\/2023\/10\/MONITOR-1.png\" alt=\"\" loading=\"lazy\" \/>\t\t\t\t\t\t\t<\/p>\n<h3>\n\t\t\t\t\t\t\t\tTestes funcionais\t\t\t\t\t\t\t<\/h3>\n<p>\t\t\t\t\t\t\t\tY Balance Test, Hop Test, TUG, Teste de flexibilidade, entre outros. \t\t\t\t\t\t\t<\/p>\n<h3>\n\t\t\t\t\t\t\tSOBRE\t\t\t\t\t\t<\/h3>\n<p>\t\t\t\t\t\t\tS\u00e3o utilizados para quantificar pot\u00eancia, mobilidade, equil\u00edbrio, flexibilidade.<br \/>\n\t\t\t\t\t\t\t\t\t\t\t<a href=\"#\"><br \/>\n\t\t\t\t\t\t\tLearn more\t\t\t\t\t\t<\/a><br \/>\n\t\t\t\t\t\t\t\t<img decoding=\"async\" width=\"128\" height=\"128\" src=\"http:\/\/onetact.com.br\/wp-content\/uploads\/2023\/10\/SCOLIOSIS-1.png\" alt=\"\" loading=\"lazy\" \/>\t\t\t\t\t\t\t<\/p>\n<h3>\n\t\t\t\t\t\t\t\tAvalia\u00e7\u00e3o f\u00edsica em Geriatria\t\t\t\t\t\t\t<\/h3>\n<p>\t\t\t\t\t\t\t\tAvalia\u00e7\u00e3o especializada com os melhores m\u00e9todos para idosos e aplica\u00e7\u00e3o de question\u00e1rios de qualidade de vida\t\t\t\t\t\t\t<\/p>\n<h3>\n\t\t\t\t\t\t\tSOBRE\t\t\t\t\t\t<\/h3>\n<p>\t\t\t\t\t\t\tAn\u00e1lise de angula\u00e7\u00f5es das estruturas corporais de forma computadorizada por meio de biofotogrametria, a partir de valores de normalidade. Com emiss\u00e3o de laudo especializado.<br \/>\n\t\t\t\t\t\t\t\t\t\t\t<a href=\"#\"><br \/>\n\t\t\t\t\t\t\tLearn more\t\t\t\t\t\t<\/a><br \/>\n\t\t\t\t\t\t\t\t<img decoding=\"async\" width=\"128\" height=\"128\" src=\"http:\/\/onetact.com.br\/wp-content\/uploads\/2023\/10\/SCOLIOSIS-1.png\" alt=\"\" loading=\"lazy\" \/>\t\t\t\t\t\t\t<\/p>\n<h3>\n\t\t\t\t\t\t\t\tReabilita\u00e7\u00e3o com Fisioterapia\t\t\t\t\t\t\t<\/h3>\n<p>\t\t\t\t\t\t\t\tGerontologia e Traumato-ortopedia\t\t\t\t\t\t\t<\/p>\n<h3>\n\t\t\t\t\t\t\tSOBRE\t\t\t\t\t\t<\/h3>\n<p>\t\t\t\t\t\t\tFisioterapia individualizada<br \/>\n\t\t\t\t\t\t\t\t\t\t\t<a href=\"#\"><br \/>\n\t\t\t\t\t\t\tLearn more\t\t\t\t\t\t<\/a><br \/>\n\t\t\t\t\t\t\t\t<img decoding=\"async\" width=\"128\" height=\"128\" src=\"http:\/\/onetact.com.br\/wp-content\/uploads\/2023\/10\/MONITOR-1.png\" alt=\"\" loading=\"lazy\" \/>\t\t\t\t\t\t\t<\/p>\n<h3>\n\t\t\t\t\t\t\t\tLaudo especializado\t\t\t\t\t\t\t<\/h3>\n<p>\t\t\t\t\t\t\t\tEmiss\u00e3o de laudo com todos os resultados dos seus exames.\t\t\t\t\t\t\t<\/p>\n<h3>\n\t\t\t\t\t\t\tSAIBA MAIS\t\t\t\t\t\t<\/h3>\n<p>\t\t\t\t\t\t\t\t\t\t\t<a href=\"#\"><br \/>\n\t\t\t\t\t\t\tLearn more\t\t\t\t\t\t<\/a><\/p>\n<h6>Quem somos n\u00f3s<\/h6>\n<h2>Fisioterapeutas apaixonados por avalia\u00e7\u00e3o f\u00edsica<br \/>\n<\/h2>\n<style>\/*! elementor - v3.16.0 - 09-10-2023 *\/\n.elementor-widget-divider{--divider-border-style:none;--divider-border-width:1px;--divider-color:#0c0d0e;--divider-icon-size:20px;--divider-element-spacing:10px;--divider-pattern-height:24px;--divider-pattern-size:20px;--divider-pattern-url:none;--divider-pattern-repeat:repeat-x}.elementor-widget-divider .elementor-divider{display:flex}.elementor-widget-divider .elementor-divider__text{font-size:15px;line-height:1;max-width:95%}.elementor-widget-divider .elementor-divider__element{margin:0 var(--divider-element-spacing);flex-shrink:0}.elementor-widget-divider .elementor-icon{font-size:var(--divider-icon-size)}.elementor-widget-divider .elementor-divider-separator{display:flex;margin:0;direction:ltr}.elementor-widget-divider--view-line_icon .elementor-divider-separator,.elementor-widget-divider--view-line_text .elementor-divider-separator{align-items:center}.elementor-widget-divider--view-line_icon .elementor-divider-separator:after,.elementor-widget-divider--view-line_icon .elementor-divider-separator:before,.elementor-widget-divider--view-line_text .elementor-divider-separator:after,.elementor-widget-divider--view-line_text .elementor-divider-separator:before{display:block;content:\"\";border-bottom:0;flex-grow:1;border-top:var(--divider-border-width) var(--divider-border-style) var(--divider-color)}.elementor-widget-divider--element-align-left .elementor-divider .elementor-divider-separator>.elementor-divider__svg:first-of-type{flex-grow:0;flex-shrink:100}.elementor-widget-divider--element-align-left .elementor-divider-separator:before{content:none}.elementor-widget-divider--element-align-left .elementor-divider__element{margin-left:0}.elementor-widget-divider--element-align-right .elementor-divider .elementor-divider-separator>.elementor-divider__svg:last-of-type{flex-grow:0;flex-shrink:100}.elementor-widget-divider--element-align-right .elementor-divider-separator:after{content:none}.elementor-widget-divider--element-align-right .elementor-divider__element{margin-right:0}.elementor-widget-divider:not(.elementor-widget-divider--view-line_text):not(.elementor-widget-divider--view-line_icon) .elementor-divider-separator{border-top:var(--divider-border-width) var(--divider-border-style) var(--divider-color)}.elementor-widget-divider--separator-type-pattern{--divider-border-style:none}.elementor-widget-divider--separator-type-pattern.elementor-widget-divider--view-line .elementor-divider-separator,.elementor-widget-divider--separator-type-pattern:not(.elementor-widget-divider--view-line) .elementor-divider-separator:after,.elementor-widget-divider--separator-type-pattern:not(.elementor-widget-divider--view-line) .elementor-divider-separator:before,.elementor-widget-divider--separator-type-pattern:not([class*=elementor-widget-divider--view]) .elementor-divider-separator{width:100%;min-height:var(--divider-pattern-height);-webkit-mask-size:var(--divider-pattern-size) 100%;mask-size:var(--divider-pattern-size) 100%;-webkit-mask-repeat:var(--divider-pattern-repeat);mask-repeat:var(--divider-pattern-repeat);background-color:var(--divider-color);-webkit-mask-image:var(--divider-pattern-url);mask-image:var(--divider-pattern-url)}.elementor-widget-divider--no-spacing{--divider-pattern-size:auto}.elementor-widget-divider--bg-round{--divider-pattern-repeat:round}.rtl .elementor-widget-divider .elementor-divider__text{direction:rtl}.e-con-inner>.elementor-widget-divider,.e-con>.elementor-widget-divider{width:var(--container-widget-width,100%);--flex-grow:var(--container-widget-flex-grow)}<\/style>\n<p>\t\t\t\t\t\tTecnologia e cuidado\t\t\t\t\t<\/p>\n<p>\n\t\t\t\t\t\tSonhamos em oferecer o melhor servi\u00e7o de avalia\u00e7\u00e3o f\u00edsica para o mercado da sa\u00fade e do cuidado com o corpo, com equipe multiprofissional. Ele \u00e9 seu maior presente.\t\t\t\t\t<\/p>\n<p>\t\t\t\t\t\tChega de se cuidar<br \/>\n&#8220;no escuro&#8221;\t\t\t\t\t<\/p>\n<p>\n\t\t\t\t\t\tNosso objetivo \u00e9 trazer mais conhecimento para voc\u00ea sobre si mesmo e proporcionar um maior acompanhamento m\u00e9dico.\t\t\t\t\t<\/p>\n<style>\/*! elementor - v3.16.0 - 09-10-2023 *\/\n.elementor-widget-image{text-align:center}.elementor-widget-image a{display:inline-block}.elementor-widget-image a img[src$=\".svg\"]{width:48px}.elementor-widget-image img{vertical-align:middle;display:inline-block}<\/style>\n<p>\t\t\t\t\t\t\t\t\t\t\t\t<img decoding=\"async\" width=\"1280\" height=\"854\" src=\"http:\/\/onetact.com.br\/wp-content\/uploads\/2023\/10\/portrait-of-chiropractor-stretching-neck-of-woman-during-appointment-in-hospital.jpg\" alt=\"\" loading=\"lazy\" srcset=\"https:\/\/onetact.com.br\/wp-content\/uploads\/2023\/10\/portrait-of-chiropractor-stretching-neck-of-woman-during-appointment-in-hospital.jpg 1280w, https:\/\/onetact.com.br\/wp-content\/uploads\/2023\/10\/portrait-of-chiropractor-stretching-neck-of-woman-during-appointment-in-hospital-300x200.jpg 300w, https:\/\/onetact.com.br\/wp-content\/uploads\/2023\/10\/portrait-of-chiropractor-stretching-neck-of-woman-during-appointment-in-hospital-1024x683.jpg 1024w, https:\/\/onetact.com.br\/wp-content\/uploads\/2023\/10\/portrait-of-chiropractor-stretching-neck-of-woman-during-appointment-in-hospital-768x512.jpg 768w\" sizes=\"(max-width: 1280px) 100vw, 1280px\" \/>\t\t\t\t\t\t\t\t\t\t\t\t\t\t\t<\/p>\n<style>\/*! elementor - v3.16.0 - 09-10-2023 *\/\n.elementor-counter .elementor-counter-number-wrapper{display:flex;font-size:69px;font-weight:600;line-height:1}.elementor-counter .elementor-counter-number-prefix,.elementor-counter .elementor-counter-number-suffix{flex-grow:1;white-space:pre-wrap}.elementor-counter .elementor-counter-number-prefix{text-align:right}.elementor-counter .elementor-counter-number-suffix{text-align:left}.elementor-counter .elementor-counter-title{text-align:center;font-size:19px;font-weight:400;line-height:2.5}<\/style>\n<p>\t\t\t\t0<br \/>\n\t\t\t\t+<br \/>\n\t\t\t\t\t\t\tYears of Experience<br \/>\n\t\t\tEstamos iniciando, mas j\u00e1 preparando o melhor e com a melhor equipe.<br \/>\n\t\t\t<a href=\"#\"><br \/>\n\t\t\t\t\t\tLearn more<br \/>\n\t\t\t\t\t<\/a><\/p>\n<h6>nOSSO LAUDO ESPECIALIZADO<\/h6>\n<h2>LAUDOS DE SA\u00daDE<br \/>\n<\/h2>\n<p>Nosso laudo especializado \u00e9 completo com dados objetivos e comparativos da sua condi\u00e7\u00e3o f\u00edsica. Criamos um sistema de avalia\u00e7\u00e3o que abrange todos as vari\u00e1veis que possam impactar no nosso desempenho motor e qualidade de vida.<\/p>\n<p style=\"color: #0090a8; font-family: 'YAFdJs2qTWQ 0', _fb_, auto; --font-size: 31.9999px; --line-height: 1.4; letter-spacing: -0.048em; line-height: 44px;\">Voc\u00ea ter\u00e1 sua sa\u00fade na palma das m\u00e3os.<\/p>\n<p>\t\t\t\t\t\tAcompanhamento de reabilita\u00e7\u00e3o\t\t\t\t\t<\/p>\n<p>\n\t\t\t\t\t\tCom o laudo, voc\u00ea tem dados objetivos para quantificar se est\u00e1 e o quanto est\u00e1 melhorando durante o processo de reabilita\u00e7\u00e3o.\t\t\t\t\t<\/p>\n<p>\t\t\t\t\t\tLaudo comparativo pr\u00e9 e p\u00f3s cirurgia ortop\u00e9dica e\/ou  tratamento fisioterap\u00eautico\t\t\t\t\t<\/p>\n<p>\n\t\t\t\t\t\tCom o laudo comparativo, voc\u00ea consegue mensurar quanto o procedimento cir\u00fargico e\/ou tratamento de reabilita\u00e7\u00e3o fez diferen\u00e7a no seu corpo e o quanto melhorou. durante o processo.\t\t\t\t\t<\/p>\n<p>\t\t\t\t\t\tPer\u00edcia fisioterap\u00eautica judicial e\/ou extrajudicial.\t\t\t\t\t<\/p>\n<p>\n\t\t\t\t\t\tEmitimos laudos para a justi\u00e7a e para o solicitante em processos judiciais de trabalho ou acidentes ocupacionais.\t\t\t\t\t<\/p>\n<p>\t\t\t\t\t\t\t\t\t\t\t\t\t\t\t<img decoding=\"async\" width=\"612\" height=\"408\" src=\"http:\/\/onetact.com.br\/wp-content\/uploads\/2023\/10\/istockphoto-1190794708-612x612-1.jpg\" alt=\"\" loading=\"lazy\" srcset=\"https:\/\/onetact.com.br\/wp-content\/uploads\/2023\/10\/istockphoto-1190794708-612x612-1.jpg 612w, https:\/\/onetact.com.br\/wp-content\/uploads\/2023\/10\/istockphoto-1190794708-612x612-1-300x200.jpg 300w\" sizes=\"(max-width: 612px) 100vw, 612px\" \/>\t\t\t\t\t\t\t\t\t\t\t\t\t\t\t<\/p>\n<h2>Enfermeira esteticista<\/h2>\n<h4>Dra. Polyana Coutinho<br \/><em>Contamos tamb\u00e9m com o talento da nossa enfermeira esteticista que est\u00e1 a disposi\u00e7\u00e3o para que voc\u00ea tenha, al\u00e9m de cuidados com os movimentos, tamb\u00e9m estar em dia com a sua beleza.<\/em><\/h4>\n<h4>\u00a0<\/h4>\n<p>\t\t\t<a href=\"#\" target=\"_blank\" rel=\"noopener\"><br \/>\n\t\t\t\t\t\tEntre em contato<br \/>\n\t\t\t\t\t<\/a><br \/>\n\t\t\t\t\t\t\t\t\t\t\t\t\t\t\t<img decoding=\"async\" width=\"254\" height=\"300\" src=\"http:\/\/onetact.com.br\/wp-content\/uploads\/2023\/10\/poly-254x300.png\" alt=\"\" loading=\"lazy\" srcset=\"https:\/\/onetact.com.br\/wp-content\/uploads\/2023\/10\/poly-254x300.png 254w, https:\/\/onetact.com.br\/wp-content\/uploads\/2023\/10\/poly.png 477w\" sizes=\"(max-width: 254px) 100vw, 254px\" \/>\t\t\t\t\t\t\t\t\t\t\t\t\t\t\t<\/p>\n<h3>Book an Appointment<\/h3>\n<p>Lorem ipsum dolor sit amet, consectetur adipiscing elit. Ut elit tellus, luctus nec ullamcorper mattis, pulvinar dapibus leo.<\/p>\n<h6>Need help?<\/h6>\n<h2>Don&#8217;t hesitate to contact our expert.<\/h2>\n<p>Sollicitudin euismod a erat id inceptos etiam tempor viverra mi. Nisi odio ut vestibulum sagittis consectetur torquent lectus.<\/p>\n<p>\t\t\t\t\t\tENTRE EM CONTATO\t\t\t\t\t<\/p>\n<p>\n\t\t\t\t\t\t(98) 3181-0859\t\t\t\t\t<\/p>\n<p>\t\t\t\t\t\tWHATS APP\t\t\t\t\t<\/p>\n<p>\n\t\t\t\t\t\t(98) 98235-1209\t\t\t\t\t<\/p>\n<p><a href=\"https:\/\/www.youtube.com\/embed\/VhBl3dHT5SY?feature=oembed?playlist=VhBl3dHT5SY&amp;mute=0&amp;autoplay=0&amp;loop=no&amp;controls=0&amp;start=0&amp;end=\" aria-label=\"video-popup\"><br \/>\n\t\t\t\t\t\t<\/a>\t\t\t\t\t<\/p>\n<h2>Get the best treatment from the most experienced chiropractors.<br \/>\n<\/h2>\n<p>Lorem ipsum dolor sit amet, consectetur adipiscing elit. Ut elit tellus, luctus nec ullamcorper mattis, pulvinar dapibus leo.<\/p>\n<p>\t\t\t<a href=\"#\"><br \/>\n\t\t\t\t\t\tDiscover more<br \/>\n\t\t\t\t\t<\/a><\/p>\n","protected":false},"excerpt":{"rendered":"<p>One Tact Avalia\u00e7\u00e3o f\u00edsica e sa\u00fade Discover more Marque uma consulta gratuita Profissionais capacitados Trouxemos o melhor, para melhor atender voc\u00ea. Nossas avalia\u00e7\u00f5es Aqui voc\u00ea encontra tecnologia e qualidade no atendimento e no diagn\u00f3stico da sua condi\u00e7\u00e3o de sa\u00fade. Dinamometria isom\u00e9trica Quantifica\u00e7\u00e3o de for\u00e7a muscular com dinam\u00f4metro isom\u00e9trico digital. SOBRE Exame que utiliza um dispositivo [&hellip;]<\/p>\n","protected":false},"author":1,"featured_media":0,"parent":0,"menu_order":0,"comment_status":"closed","ping_status":"closed","template":"elementor_header_footer","meta":{"footnotes":""},"_links":{"self":[{"href":"https:\/\/onetact.com.br\/index.php?rest_route=\/wp\/v2\/pages\/112"}],"collection":[{"href":"https:\/\/onetact.com.br\/index.php?rest_route=\/wp\/v2\/pages"}],"about":[{"href":"https:\/\/onetact.com.br\/index.php?rest_route=\/wp\/v2\/types\/page"}],"author":[{"embeddable":true,"href":"https:\/\/onetact.com.br\/index.php?rest_route=\/wp\/v2\/users\/1"}],"replies":[{"embeddable":true,"href":"https:\/\/onetact.com.br\/index.php?rest_route=%2Fwp%2Fv2%2Fcomments&post=112"}],"version-history":[{"count":32,"href":"https:\/\/onetact.com.br\/index.php?rest_route=\/wp\/v2\/pages\/112\/revisions"}],"predecessor-version":[{"id":232,"href":"https:\/\/onetact.com.br\/index.php?rest_route=\/wp\/v2\/pages\/112\/revisions\/232"}],"wp:attachment":[{"href":"https:\/\/onetact.com.br\/index.php?rest_route=%2Fwp%2Fv2%2Fmedia&parent=112"}],"curies":[{"name":"wp","href":"https:\/\/api.w.org\/{rel}","templated":true}]}}